*2 - 5*o - 10. Does 13 divide a(-2)?
True
Let b(d) = -8*d + 4. Let c(j) = 2*j - 7. Let q be c(5). Let s be b(q). Let p = s - -55. Is p a multiple of 14?
False
Let w be (-2 - (-8)/2) + 5. Let x(m) = m + 9. Is 5 a factor of x(w)?
False
Suppose 3*u + 1 = 2*u. Let x be 1*(13 + u) - -3. Suppose h + 6 = x. Does 9 divide h?
True
Suppose 3*n = 6 + 3. Suppose -n*a = -26 - 52. Is a a multiple of 13?
True
Let l = 16 - 10. Let t(v) = 52*v. Let a be t(-6). Is 19 a factor of (l/(-4))/(9/a)?
False
Suppose -4*u + 2*b = -150, -3*u + b + 110 = -0*b. Is u a multiple of 8?
False
Is 14 a factor of (0 + -2 - 2) + 108 + 4?
False
Let d = -96 + 168. Suppose 4*r = r + d. Is 11 a factor of r?
False
Let w = -13 + 21. Is w a multiple of 4?
True
Let y(m) = m**3 - 8*m**2 + 7*m + 5. Let g be y(7). Suppose 4*u = g*o + 8, 0 = -u - 0 + 2. Suppose -2*b - 2*t + 62 = -o*b, 5*b - 2*t = 155. Does 13 divide b?
False
Does 8 divide -2 - -48 - (2 - 4)*1?
True
Does 14 divide 45 + (1 - 2) + -2?
True
Suppose 10 = -9*x + 11*x. Suppose -x*w - 77 = 88. Does 7 divide -2 + (w/(-3) - 2)?
True
Suppose 3*q - 5*q + 6 = 0. Suppose -q*i + 18 = -3*f, 2*i + 3*f - 24 = -f. Is 15 a factor of 132/8*i/3?
False
Let y(p) = -p - 1. Let l be y(4). Is 1/5 + (-119)/l a multiple of 9?
False
Let k(f) = f**2 - 5*f - 12. Let t be k(5). Let h(c) = -6*c - 4. Is 9 a factor of h(t)?
False
Let j = 6 + -5. Does 21 divide (-66)/(-4 + 1) - j?
True
Let q(n) = n**3 + 10*n**2 - n. Let t(w) = -w - 10. Let f be t(0). Does 7 divide q(f)?
False
Let j = -135 + 275. Is 20 a factor of j?
True
Let v = 5 - -19. Is 11 a factor of v?
False
Let y(v) = 2*v**2 - 11*v + 8. Is y(8) a multiple of 8?
True
Let g be -2*3/(-6 - -3). Suppose 5*y + 15 = -g*r, y + 20 = r - 2*y. Suppose 5*s + r*i = 30, 5*i = -4*s + 2 + 23. Does 5 divide s?
True
Is 15 a factor of (8 - 6)/((-6)/(-45))?
True
Suppose 8 = -5*o + 3. Is 11 a factor of (-10)/o + (2 - 1)?
True
Let b be (12/(-15))/(2/(-5)). Let r(d) = d - 3*d**2 + 4*d**3 - 1 - 4 + 7. Is r(b) a multiple of 14?
False
Let y = -1 + 11. Let t = -2 + -3. Let l = t + y. Does 3 divide l?
False
Suppose 5*k + 22 = 4*t + 2, 4*k = -5*t - 16. Is 8 a factor of (-4 + 2 + 0)*k?
True
Let i(w) = -w**2 + 2*w + 2. Let f = 13 - 8. Let y be i(f). Is 13 a factor of (-2 + 4)*y/(-2)?
True
Suppose 5*b - b - 320 = 0. Is b a multiple of 10?
True
Suppose 4*t + 62 = 154. Suppose -o = -1 - 4, 2*p + o = t. Is p a multiple of 9?
True
Suppose 2*i - 5*i = 27. Let r(m) = m**2 + 6*m - 13. Does 7 divide r(i)?
True
Let p = -69 + 290. Does 13 divide p?
True
Suppose 37 = y - 3*j, 2*y - 3*j - 137 = -3*y. Does 4 divide y?
False
Let l(d) = -3*d**2 + 9*d - 7. Let p(j) = j + 2. Let u be p(-9). Let o(z) = -2*z**2 + 4*z - 3. Let t(i) = u*o(i) + 3*l(i). Is 3 a factor of t(-1)?
True
Let l(p) = 6*p**2 + p. Let u be l(-1). Let s be (-3)/(1 - -2) + 26. Suppose -j + 3*b = -s, -u*j = -10*j - 4*b + 30. Is j a multiple of 10?
True
Let b(n) = -2*n**3 - 3*n**2 + 5*n + 4. Suppose 3*k = k + 6. Suppose 3*w = 2*v + k, -2*v - 19 = 3*v + 4*w. Is b(v) a multiple of 6?
False
Let w(m) = 3*m + 7. Let d(c) = -2*c - 5. Let a be d(-5). Let z be w(a). Suppose 5*v - 3 = z. Does 3 divide v?
False
Suppose -2*r = -2*p - 12, 4*p + 21 = 3*r - 0*p. Suppose 0 = -r*d - 2*d + 80. Is d a multiple of 5?
False
Suppose 4*f - 84 = -2*g, f - 31 = -0*f - 3*g. Is 7 a factor of f?
False
Let o = 10 + -14. Let n = o + 44. Is 20 a factor of n?
True
Let g = -54 + 36. Let y(r) = 50*r**3 + r**2 + r - 1. Let h be y(1). Let b = g + h. Is 11 a factor of b?
True
Let l be ((-5)/(-2))/(-5)*44. Is 11 a factor of (l/3)/((-12)/90)?
True
Let l(h) = h**2 + h - 4. Let a(u) be the second derivative of u**3/2 - u**2 + 2*u. Let g be a(2). Is l(g) a multiple of 16?
True
Suppose -11*u = -16*u + 140. Is 11 a factor of u?
False
Let p(a) = 2*a + 7. Let m be p(7). Suppose -18*f + m*f - 81 = 0. Does 9 divide f?
True
Let n = 1 - 3. Is 12 a factor of (-72)/n*(-2)/(-3)?
True
Let q be 12 + 3/(-1) + 6. Suppose -6*k = -k - q. Does 2 divide k?
False
Let h(a) = -a - 2. Let y be h(-4). Suppose y*q + 3*q + 10 = 0. Is 3 - 0 - q/(-2) a multiple of 2?
True
Suppose 3360 = 16*k - 4*k. Does 60 divide k?
False
Suppose -h - 2*h = 3*n - 78, -2*h = 4*n - 46. Suppose -2*c = -h - 7. Does 6 divide c?
True
Let r be 3/(-1)*6/9. Let v be r + 2*(-18)/4. Let f = -1 - v. Is f a multiple of 5?
True
Suppose 33 = 3*g - 3*p, -2*p + 9 = 4*g - 5. Let r(x) = 9*x**2 - x**3 + 7*x**2 - 5*x**2 - 8*x - g. Is r(10) a multiple of 7?
True
Let o = -141 - -227. Does 8 divide o?
False
Let c be 2933/21 - (-2)/6. Suppose 2*j + 0*j - c = -5*g, 100 = 3*g - 2*j. Is g a multiple of 10?
True
Let d(q) be the second derivative of q**4/12 + 7*q**2 + 2*q. Let l be d(0). Suppose 5*m - 81 - l = 0. Is 13 a factor of m?
False
Suppose z = 95 + 35. Is 14 a factor of z?
False
Let h = -106 + 180. Is h a multiple of 10?
False
Suppose -6*o + 7*o - 66 = 0. Is 22 a factor of o?
True
Let j(q) = q**2 - 11*q - 46. Is 32 a factor of j(21)?
False
Let s(k) = -k - 4. Let r be s(-7). Let l(v) = -9*v + 1. Let q be l(r). Let u = 49 + q. Does 23 divide u?
True
Suppose -3*h = -4*l + 39 - 14, -5*h = -5*l + 35. Is 3 a factor of 2/3 + (-7)/h?
True
Let u = 80 - 12. Is 8 a factor of u?
False
Let z(p) = -3*p. Let f be z(-4). Suppose m = 4*k + f, -2*m + k - 32 = -3*m. Is 11 a factor of m?
False
Suppose -2*b + 763 = -5*o, 8*b - 1923 = 3*b - 3*o. Is 64 a factor of b?
True
Let k(h) = -h + 2. Let j be k(4). Let x(c) = c**2. Does 2 divide x(j)?
True
Let g be 2/4*-2*-2. Let q = g + -14. Does 8 divide ((-69)/q)/(2/8)?
False
Suppose 0 = -2*w + 5*x - 11, -2*x + 21 = 3*w + 3*x. Suppose 0 = 5*z - w*z + 24. Let s(o) = o**3 + 10*o**2 + 13*o + 12. Is 18 a factor of s(z)?
True
Suppose 0 = 8*i - 4*i - 180. Is 15 a factor of i?
True
Let n = 7 + -2. Suppose 5*j - 35 = -3*i, -10 = -0*i + 2*i - n*j. Is i a multiple of 3?
False
Let c(a) = -a**2 + 8*a - 8. Let s be c(6). Suppose 5*z + 6 = s*m - 6, -4*m - 28 = 5*z. Is 7 a factor of (-21)/(-3) - 2 - m?
True
Let l be (-3 - -2) + 39/1. Suppose -5*y + 42 = -l. Is y a multiple of 16?
True
Suppose 4*g = 124 + 20. Is g a multiple of 6?
True
Suppose 4 = 4*b - 4. Let t = 5 + 27. Suppose 0*u + 2*u + o = 20, -b*u = 4*o - t. Does 4 divide u?
True
Suppose -z + 149 = 5*h, -4*z - 8*h = -3*h - 671. Is 55 a factor of z?
False
Let t(j) = -2*j - 8. Let u(o) = -5*o - 16. Let i(p) = -5*t(p) + 3*u(p). Is i(-6) a multiple of 6?
False
Suppose -5*m - 97 = 173. Is (-1)/(m/26 + 2) a multiple of 13?
True
Let k be 1/3 + (-32)/6. Is 2 a factor of ((-6)/2)/(k/10)?
True
Let h = 7 - 7. Suppose h = s - 6*s + 200. Is 18 a factor of s?
False
Let y be (4/(-12))/(2/(-30)). Suppose -y*z = -3*o - 16, -5*o + 9*z - 4*z = 10. Is (6/o - -3)*1 a multiple of 4?
False
Let h = 148 - 69. Is h a multiple of 13?
False
Let z(y) = -y**3 - 3*y + 3. Let x be z(2). Let c be 0 + (x*1 - 2). Let l = c - -48. Does 9 divide l?
False
Let l be (-3)/4*(-2 - 2). Let y(z) = 8*z - l*z + 9 + z**2 + 2*z. Is 17 a factor of y(-8)?
True
Is 33 a factor of 1/2*-1*-254?
False
Is 9 a factor of (-1 - 58)/((-3)/3)?
False
Let g be 3 + -3*6/(-9). Suppose -5*a + 141 = 3*w, -g*a + 0*w - 5*w + 135 = 0. Is 10 a factor of a?
True
Is 73 - (3/4)/((-12)/48) a multiple of 18?
False
Suppose -5*v + 401 = -y, -v + 409 = 4*v + y. Suppose -4*c = -c - v. Does 9 divide c?
True
Let f(w) = 2*w - 10. Let y be f(-8). Let r = y + 36. Is r a multiple of 3?
False
Let c(i) = -30*i**3 + 2*i**2 + 4*i + 3. Let w(q) = 31*q**3 - 2*q**2 - 3*q - 2. Let r(z) = -2*c(z) - 3*w(z). Is 9 a factor of r(-1)?
False
Let l(r) be the first derivative of -r**4/4 - r**3/3 + 19*r + 4. Is 19 a factor of l(0)?
True
Let t(r) = -5*r - 3*r - 2*r + 2. Is t(-3) a multiple of 16?
True
Let t be ((-4)/(-6))/(1/3). Let b = 8 + -10. Does 8 divide b*1/t + 9?
True
Let z(s) = s**2 - s + 3. Let i be z(0). Let v be (0 - -5)*(i + -4). Is (-1 - -9) + (-4 - v) a multiple of 3?
True
Suppose -4*y + 239 + 149 = 0. Is y a multiple of 12?
False
Is 13 a factor of ((-4)/(-8))/(7/1050)?
False
Let g(d) = -d**3 + 9*d**2 - 8*d + 5. Let a be g(8). Suppose a*j - 52 = 8. Suppose -4*k - j = -60. Is k a multiple of 5?
False
Is (-78)/(-8) - 6/8 a multiple of 9?
True
Let l be 1/(2/8)*14. Suppose l = s - 5*s. Let i = 25 - s. Is 15 a factor of i?
False
Suppose 6*q - 62 - 154 = 0. Does 18 divide q?
True
Let f = -4 - -4. Let n = f - 3. Does 20 divi